{"id":209899,"date":"2024-06-04T13:41:02","date_gmt":"2024-06-04T11:41:02","guid":{"rendered":"https:\/\/aepona.es\/?page_id=209899"},"modified":"2024-06-27T15:13:39","modified_gmt":"2024-06-27T13:13:39","slug":"consentimiento-expreso-de-socio","status":"publish","type":"page","link":"https:\/\/aepona.es\/index.php\/consentimiento-expreso-de-socio\/","title":{"rendered":"Consentimiento expreso de socio"},"content":{"rendered":"\n<p><\/p>\n\n\n\n<p>En cumplimiento de la normativa sobre protecci\u00f3n de datos de car\u00e1cter personal le informamos que los datos que facilite mediante este documento y a lo largo de su relaci\u00f3n con la asociaci\u00f3n ser\u00e1n incorporados a los sistemas de tratamiento de la asociaci\u00f3n espa\u00f1ola de pacientes con poliposis nasal (en adelante \u201cAEPONA\u201d) con la finalidad de desarrollar los fines y las funciones leg\u00edtimas de la asociaci\u00f3n, prestar sus servicios, realizar las gestiones administrativas propias de su actividad y dar cumplimiento a las obligaciones legales derivadas de \u00e9sta.<\/p>\n\n\n\n<p>El tratamiento de sus datos personales se realizar\u00e1 de manera confidencial. AEPONA est\u00e1 comprometida con el respeto a la privacidad y cumple con la legislaci\u00f3n vigente en protecci\u00f3n de datos personales seg\u00fan ley LOPDGDD (protecci\u00f3n de datos de car\u00e1cter personal y garant\u00eda de derechos digitales) de 3\/2018 de 5 de diciembre. Las bases jur\u00eddicas para los tratamientos de datos descritos son, en los t\u00e9rminos establecidos por la normativa sobre protecci\u00f3n de datos, su consentimiento para el tratamiento de los datos, la necesidad del tratamiento de sus datos para la ejecuci\u00f3n de los servicios solicitados por los asociados, el cumplimiento de obligaciones legales, y\/o el inter\u00e9s leg\u00edtimo del responsable del tratamiento (por ejemplo, para el env\u00edo de informaci\u00f3n que pudiera ser de su inter\u00e9s).<\/p>\n\n\n\n<p>La gesti\u00f3n de los datos personales se podr\u00e1 realizar tanto en papel como por medios inform\u00e1ticos, pudiendo ser conservados sin limitaci\u00f3n en el tiempo para la correcta gesti\u00f3n de los servicios ofrecidos por la asociaci\u00f3n y el cumplimiento de las obligaciones y funciones leg\u00edtimas propias de su actividad, a no ser que usted indique lo contrario.<\/p>\n\n\n\n<p>La aceptaci\u00f3n de este documento conlleva necesariamente la autorizaci\u00f3n expresa para los tratamientos de datos descritos. \u00c9l\/la interesado\/a autoriza y da su consentimiento expreso a AEPONA para que recoja y trate sus datos personales, en las condiciones descritas. \u00c9l\/la interesado\/a autoriza y da su consentimiento expreso a AEPONA para que comunique sus datos personales a cuantas Administraciones P\u00fablicas, entidades privadas, compa\u00f1\u00edas aseguradoras y otros terceros sea necesario para la correcta realizaci\u00f3n de los fines leg\u00edtimos de la asociaci\u00f3n, la prestaci\u00f3n de los servicios ofrecidos y la gesti\u00f3n administrativa propia de su actividad.<\/p>\n\n\n\n<p>Durante el desarrollo de las actividades organizadas por la asociaci\u00f3n, AEPONA puede realizar fotograf\u00edas y grabaciones de v\u00eddeo y audio en las que se incluya la imagen y la voz de los\/as participantes. \u00c9l\/la interesado\/a autoriza expresamente que su imagen y voz puedan ser incluidas en publicaciones digitales, en papel o en cualquier otro soporte, internet incluido, desarrollados por AEPONA.<\/p>\n\n\n\n<p>Puede ejercer los derechos de acceso, rectificaci\u00f3n, limitaci\u00f3n del tratamiento, supresi\u00f3n, oposici\u00f3n y portabilidad, as\u00ed como retirar su consentimiento o realizar cualquier otra solicitud sobre esta materia dirigi\u00e9ndose por escrito AEPONA, en Direcci\u00f3n \u2013 Tel. <strong>XXXXX<\/strong> o en la direcci\u00f3n de correo electr\u00f3nico <a href=\"mailto:altasocios@aepona.es\"><strong>altasocios@aepona.es<\/strong><\/a>, adjuntando una copia de su DNI o documento identificativo equivalente.<\/p>\n\n\n\n<div style=\"height:100px\" aria-hidden=\"true\" class=\"wp-block-spacer\"><\/div>\n","protected":false},"excerpt":{"rendered":"<p>En cumplimiento de la normativa sobre protecci\u00f3n de datos de car\u00e1cter personal le informamos que los datos que facilite mediante este documento y a lo largo de su relaci\u00f3n con la asociaci\u00f3n ser\u00e1n incorporados a los sistemas de tratamiento de la asociaci\u00f3n espa\u00f1ola de pacientes con poliposis nasal (en adelante \u201cAEPONA\u201d) con la finalidad de [&hellip;]<\/p>\n","protected":false},"author":1,"featured_media":0,"parent":0,"menu_order":0,"comment_status":"closed","ping_status":"closed","template":"","meta":{"_et_pb_use_builder":"off","_et_pb_old_content":"<!-- wp:paragraph -->\n<p><\/p>\n<!-- \/wp:paragraph -->\n\n<!-- wp:paragraph -->\n<p>En cumplimiento de la normativa sobre protecci\u00f3n de datos de car\u00e1cter personal le informamos que los datos que facilite mediante este documento y a lo largo de su relaci\u00f3n con la asociaci\u00f3n ser\u00e1n incorporados a los sistemas de tratamiento de la asociaci\u00f3n espa\u00f1ola de pacientes con poliposis nasal (en adelante \u201cAEPONA\u201d) con la finalidad de desarrollar los fines y las funciones leg\u00edtimas de la asociaci\u00f3n, prestar sus servicios, realizar las gestiones administrativas propias de su actividad y dar cumplimiento a las obligaciones legales derivadas de \u00e9sta.<\/p>\n<!-- \/wp:paragraph -->\n\n<!-- wp:paragraph -->\n<p>El tratamiento de sus datos personales se realizar\u00e1 de manera confidencial. AEPONA est\u00e1 comprometida con el respeto a la privacidad y cumple con la legislaci\u00f3n vigente en protecci\u00f3n de datos personales seg\u00fan ley LOPDGDD (protecci\u00f3n de datos de car\u00e1cter personal y garant\u00eda de derechos digitales) de 3\/2018 de 5 de diciembre. Las bases jur\u00eddicas para los tratamientos de datos descritos son, en los t\u00e9rminos establecidos por la normativa sobre protecci\u00f3n de datos, su consentimiento para el tratamiento de los datos, la necesidad del tratamiento de sus datos para la ejecuci\u00f3n de los servicios solicitados por los asociados, el cumplimiento de obligaciones legales, y\/o el inter\u00e9s leg\u00edtimo del responsable del tratamiento (por ejemplo, para el env\u00edo de informaci\u00f3n que pudiera ser de su inter\u00e9s).<\/p>\n<!-- \/wp:paragraph -->\n\n<!-- wp:paragraph -->\n<p>La gesti\u00f3n de los datos personales se podr\u00e1 realizar tanto en papel como por medios inform\u00e1ticos, pudiendo ser conservados sin limitaci\u00f3n en el tiempo para la correcta gesti\u00f3n de los servicios ofrecidos por la asociaci\u00f3n y el cumplimiento de las obligaciones y funciones leg\u00edtimas propias de su actividad, a no ser que usted indique lo contrario.<\/p>\n<!-- \/wp:paragraph -->\n\n<!-- wp:paragraph -->\n<p>La aceptaci\u00f3n de este documento conlleva necesariamente la autorizaci\u00f3n expresa para los tratamientos de datos descritos. \u00c9l\/la interesado\/a autoriza y da su consentimiento expreso a AEPONA para que recoja y trate sus datos personales, en las condiciones descritas. \u00c9l\/la interesado\/a autoriza y da su consentimiento expreso a AEPONA para que comunique sus datos personales a cuantas Administraciones P\u00fablicas, entidades privadas, compa\u00f1\u00edas aseguradoras y otros terceros sea necesario para la correcta realizaci\u00f3n de los fines leg\u00edtimos de la asociaci\u00f3n, la prestaci\u00f3n de los servicios ofrecidos y la gesti\u00f3n administrativa propia de su actividad.<\/p>\n<!-- \/wp:paragraph -->\n\n<!-- wp:paragraph -->\n<p>Durante el desarrollo de las actividades organizadas por la asociaci\u00f3n, AEPONA puede realizar fotograf\u00edas y grabaciones de v\u00eddeo y audio en las que se incluya la imagen y la voz de los\/as participantes. \u00c9l\/la interesado\/a autoriza expresamente que su imagen y voz puedan ser incluidas en publicaciones digitales, en papel o en cualquier otro soporte, internet incluido, desarrollados por AEPONA.<\/p>\n<!-- \/wp:paragraph -->\n\n<!-- wp:paragraph -->\n<p>Puede ejercer los derechos de acceso, rectificaci\u00f3n, limitaci\u00f3n del tratamiento, supresi\u00f3n, oposici\u00f3n y portabilidad, as\u00ed como retirar su consentimiento o realizar cualquier otra solicitud sobre esta materia dirigi\u00e9ndose por escrito AEPONA, en Direcci\u00f3n \u2013 Tel. <strong>XXXXX<\/strong> o en la direcci\u00f3n de correo electr\u00f3nico <a href=\"mailto:altasocios@aepona.es\"><strong>altasocios@aepona.es<\/strong><\/a>, adjuntando una copia de su DNI o documento identificativo equivalente.<\/p>\n<!-- \/wp:paragraph -->","_et_gb_content_width":"1080","footnotes":""},"class_list":["post-209899","page","type-page","status-publish","hentry"],"_links":{"self":[{"href":"https:\/\/aepona.es\/index.php\/wp-json\/wp\/v2\/pages\/209899","targetHints":{"allow":["GET"]}}],"collection":[{"href":"https:\/\/aepona.es\/index.php\/wp-json\/wp\/v2\/pages"}],"about":[{"href":"https:\/\/aepona.es\/index.php\/wp-json\/wp\/v2\/types\/page"}],"author":[{"embeddable":true,"href":"https:\/\/aepona.es\/index.php\/wp-json\/wp\/v2\/users\/1"}],"replies":[{"embeddable":true,"href":"https:\/\/aepona.es\/index.php\/wp-json\/wp\/v2\/comments?post=209899"}],"version-history":[{"count":4,"href":"https:\/\/aepona.es\/index.php\/wp-json\/wp\/v2\/pages\/209899\/revisions"}],"predecessor-version":[{"id":209922,"href":"https:\/\/aepona.es\/index.php\/wp-json\/wp\/v2\/pages\/209899\/revisions\/209922"}],"wp:attachment":[{"href":"https:\/\/aepona.es\/index.php\/wp-json\/wp\/v2\/media?parent=209899"}],"curies":[{"name":"wp","href":"https:\/\/api.w.org\/{rel}","templated":true}]}}